0111001001101001
In base 7, what is 61345 + -1560?
56455
In base 7, what is 6134 + 363632?
403066
In base 5, what is 41120243 - 14342?
41100401
In base 12, what is 2 + 17569839?
1756983b
In base 6, what is 1321 + 424041?
425402
In base 3, what is -11 + 121002202012022221?
121002202012022210
In base 6, what is 1112 - 501535?
-500423
In base 14, what is -1a86ccc4 - -1?
-1a86ccc3
In base 3, what is -1210112022011211 - -101?
-1210112022011110
In base 13, what is -40b132 - -4?
-40b12b
In base 11, what is -14 + -3358739?
-3358752
In base 16, what is -7d4 - -47a5?
3fd1
In base 5, what is 10024404 - -2214?
10032123
In base 4, what is 1 + -231121202323?
-231121202322
In base 3, what is 100221010012002 - -1210?
100221010020212
In base 12, what is 2 - 30a3828?
-30a3826
In base 9, what is -13882 + 163?
-13718
In base 9, what is -116562 - 547?
-117220
In base 9, what is -52731 - -6114?
-45616
In base 16, what is 1d6b - -a69?
27d4
In base 14, what is 802b + c9?
8116
In base 3, what is -1 - -2012222001122?
2012222001121
In base 7, what is 5645 - -35103?
44051
In base 4, what is -111332131 - -20100?
-111312031
In base 3, what is 12 + 10202120010200?
10202120010212
In base 2, what is 1110100 - -101111101110011100?
101111110000010000
In base 2, what is 1000111 - 10001011011000101001101?
-10001011011000100000110
In base 5, what is 11 + -121431334?
-121431323
In base 12, what is -2 + 8958b73?
8958b71
In base 5, what is 1040 + 21331304?
21332344
In base 14, what is -1a316 + 33d?
-19db7
In base 4, what is -23103310 - -2223?
-23101021
In base 12, what is -1 + -2a46085?
-2a46086
In base 16, what is 1aae90 + 4?
1aae94
In base 5, what is -1432131334 + -3121?
-1432140010
In base 9, what is -31 + -173674?
-173715
In base 14, what is 70241 + -9?
70236
In base 12, what is 3394948 + 2?
339494a
In base 10, what is -5859777 - 15?
-5859792
In base 5, what is -2202143 + 2014?
-2200124
In base 11, what is 3 - 9528a0?
-952898
In base 3, what is -102101201000 - 12?
-102101201012
In base 3, what is -110222012112 - -110?
-110222012002
In base 14, what is -55 - 26a339?
-26a390
In base 12, what is -a3062 - -12b3?
-a196b
In base 2, what is -100011001101 - 111100000100100011?
-111100100111110000
In base 4, what is 20321013022323 - 13?
20321013022310
In base 2, what is -10010101000010101111101 - 101?
-10010101000010110000010
In base 2, what is 100111 - -1011101100011110010?
1011101100100011001
In base 15, what is -e497 + 300b?
-b48b
In base 12, what is 2ab517 - 14?
2ab503
In base 15, what is 847d3 - -7?
847da
In base 7, what is -453 - 143453?
-144236
In base 3, what is 211221110002020 - 11?
211221110002002
In base 13, what is ba9 + -659?
550
In base 13, what is 15271 + -8887?
96b7
In base 7, what is 2063306 + -4620?
2055356
In base 14, what is 95b9 - 30c?
92ab
In base 14, what is 97717 - 7b?
9767a
In base 10, what is 11208364 - -5?
11208369
In base 15, what is -945 + -c04?
-1649
In base 16, what is -6 + bb3ba6?
bb3ba0
In base 15, what is 5dec5e9 + -5?
5dec5e4
In base 4, what is -11231 + 232031300?
232020003
In base 16, what is 273 - -1ab1?
1d24
In base 2, what is -111011001100110110001100001 - 101?
-111011001100110110001100110
In base 13, what is 0 + 325a2b04?
325a2b04
In base 11, what is 6377a + -1039?
62741
In base 13, what is 9a - -8027?
80c4
In base 9, what is 2 - -610845?
610847
In base 5, what is -20001 - 1344220?
-1414221
In base 7, what is 54016341 + 13?
54016354
In base 4, what is 10 + 1121200332113?
1121200332123
In base 5, what is 4 - -1012140000?
1012140004
In base 5, what is -3 + 20041014421?
20041014413
In base 3, what is 20200222101 - -220010?
20201212111
In base 8, what is 516 - -250107?
250625
In base 3, what is 0 + 1112220122110?
1112220122110
In base 7, what is 142422 - 33635?
105454
In base 7, what is 4315301622 - 5?
4315301614
In base 15, what is -51 + 92362?
92311
In base 14, what is 3c0 + -2ab14?
-2a734
In base 6, what is 443 - -51224?
52111
In base 7, what is 6504 + 2132?
11636
In base 8, what is -3 - -1531704323?
1531704320
In base 12, what is -47b + -59512a?
-5955a9
In base 11, what is 5 + 71085564?
71085569
In base 16, what is -15cc6cf - 5?
-15cc6d4
In base 10, what is -8162662 + 13?
-8162649
In base 3, what is -1120121000202 - 120?
-1120121001022
In base 13, what is -24 + 1ca89b?
1ca877
In base 8, what is -2 + 2745116022?
2745116020
In base 14, what is -19 - -b1bd1?
b1bb6
In base 3, what is -110 + 1222010221222100?
1222010221221220
In base 5, what is 2111340 + 134?
2112024
In base 6, what is -1224 + 1102135?
1100511
In base 3, what is 120011021212 - 10220?
120011010222
In base 15, what is -352d3 + 281?
-35052
In base 6, what is 435 + 24055524?
24100403
In base 8, what is 4362661 + -740?
4361721
In base 9, what is -131381856 + 3?
-131381853
In base 8, what is -13337 - -3515?
-7622
In base 9, what is 6 - 36545304?
-36545287
In base 6, what is 114053 - -20121?
134214
In base 10, what is 2004113 - 36?
2004077
In base 11, what is -183 + -5145?
-5318
In base 7, what is 204424165 + -60?
204424105
In base 3, what is -101000102100202201 - -10?
-101000102100202121
In base 13, what is -3b03168 + -1?
-3b03169
In base 9, what is -3000 - -3673?
673
In base 2, what is -101000000101101110101 + 10?
-101000000101101110011
In base 5, what is 131 + 30424033?
30424214
In base 11, what is 35 - a528404?
-a52837a
In base 9, what is 68 + 601240?
601318
In base 16, what is 658 + -2149?
-1af1
In base 10, what is -153 + -323066?
-323219
In base 10, what is -2309253 + 0?
-2309253
In base 3, what is -10011 + -120222111200?
-120222121211
In base 6, what is 31305 + -15015?
12250
In base 15, what is -5 - -4cbca04?
4cbc9ee
In base 2, what is -101101010001011001110 - 111111?
-101101010001100001101
In base 16, what is -144 - -162e72?
162d2e
In base 10, what is 611908 + 922?
612830
In base 7, what is -33036301 - -2?
-33036266
In base 12, what is -37 - -4930824?
49307a9
In base 15, what is b3 + 115692?
115755
In base 3, what is -10102222221000 + -1?
-10102222221001
In base 3, what is 1210010 + 2211201?
11121211
In base 7, what is 0 + 45464330?
45464330
In base 15, what is -13 - -5e563?
5e550
In base 3, what is -2010020 + 1102221122?
1100211102
In base 4, what is 1210030 - -123002?
1333032
In base 6, what is 253 + -10203550?
-10203253
In base 9, what is -1461 + -146718?
-148280
In base 6, what is -221252 + -11221?
-232513
In base 15, what is -d96 + 144b?
5a5
In base 10, what is 164 + -1064122?
-1063958
In base 16, what is 2 + 435576e?
4355770
In base 2, what is 10010011100000110011 + -11100011?
10010011011101010000
In base 3, what is -1 + 101120012110?
101120012102
In base 5, what is -2313324 - -2304?
-2311020
In base 15, what is -130 + 9136a?
9123a
In base 5, what is -1223032 - 10103?
-1233140
In base 6, what is -4 - 2032150314?
-2032150322
In base 5, what is 1132233 - 10210?
1122023
In base 4, what is 1 - 20010132010?
-20010132003
In base 11, what is 378 - -38593?
38960
In base 3, what is 2012 - -1020122101010?
1020122110022
In base 2, what is -10100000100011001 - 100000110111?
-10100100101010000
In base 15, what is 2 + 4ceb34?
4ceb36
In base 4, what is 1213000103022 + 3?
1213000103031
In base 6, what is 5 + 13051424424?
13051424433
In base 8, what is -1555254 + 3?
-1555251
In base 3, what is 2101120121102201 + -12?
2101120121102112
In base 15, what is 823a + c?
8247
In base 14, what is b617 - -3a3?
b9ba
In base 7, what is -333401 + -1232?
-334633
In base 5, what is -13 + -2312201441?
-2312202004
In base 12, what is 12aa + -2430?
-1142
In base 8, what is -27 - -2211515?
2211466
In base 9, what is 47018428 + -7?
47018421
In base 11, what is 2a - 506667?
-506638
In base 8, what is -1204617200 + 4?
-1204617174
In base 9, what is -5 + 868617?
868612
In base 8, what is -24320001 - 223?
-24320224
In base 12, what is -b + 10631024?
10631015
In base 15, what is 53 - -119a73e?
119a792
In base 8, what is 3516176 - -10?
3516206
In base 9, what is -1657625 - -56?
-1657558
In base 14, what is 1 + 11729169?
1172916a
In base 3, what is 21 - 10101122022000?
-10101122021202
In base 10, what is -1269 + -4669?
-5938
In base 7, what is -4 + -1152611332?
-1152611336
In base 3, what is -12 - -2111012002001?
2111012001212
In base 3, what is 2002110220111 - 2?
2002110220102
In base 9, what is 6121 + -31454?
-24333
